{"id":337,"date":"2021-02-25T21:32:21","date_gmt":"2021-02-25T21:32:21","guid":{"rendered":"http:\/\/asociacioncdro.org.gt\/?page_id=337"},"modified":"2024-10-28T22:27:37","modified_gmt":"2024-10-28T22:27:37","slug":"sistema-ambiental-comunitario","status":"publish","type":"page","link":"https:\/\/asociacioncdro.org.gt\/?page_id=337","title":{"rendered":"Sistema Ambiental Comunitario"},"content":{"rendered":"\r\n<p class=\"wp-block-paragraph\"><span style=\"font-family: georgia, palatino, serif;\">Recupera la relaci\u00f3n del ser humano y la naturaleza, mediante la adaptaci\u00f3n y mitigaci\u00f3n de los efectos del cambio clim\u00e1tico en los medios de vida (agroforestal y productivas) de familias, organizaciones y empresas comunitarias.<\/span><\/p>\r\n\r\n\r\n\r\n<figure class=\"wp-block-image size-large\"><img fetchpriority=\"high\" decoding=\"async\" class=\"aligncenter wp-image-768 size-full\" src=\"https:\/\/asociacioncdro.org.gt\/wp-content\/uploads\/2024\/10\/Infografia-Naturaleza-Medio-Ambiente-Llamativa-Verde.png\" alt=\"\" width=\"800\" height=\"2000\" srcset=\"https:\/\/asociacioncdro.org.gt\/wp-content\/uploads\/2024\/10\/Infografia-Naturaleza-Medio-Ambiente-Llamativa-Verde.png 800w, https:\/\/asociacioncdro.org.gt\/wp-content\/uploads\/2024\/10\/Infografia-Naturaleza-Medio-Ambiente-Llamativa-Verde-120x300.png 120w, https:\/\/asociacioncdro.org.gt\/wp-content\/uploads\/2024\/10\/Infografia-Naturaleza-Medio-Ambiente-Llamativa-Verde-410x1024.png 410w, https:\/\/asociacioncdro.org.gt\/wp-content\/uploads\/2024\/10\/Infografia-Naturaleza-Medio-Ambiente-Llamativa-Verde-768x1920.png 768w, https:\/\/asociacioncdro.org.gt\/wp-content\/uploads\/2024\/10\/Infografia-Naturaleza-Medio-Ambiente-Llamativa-Verde-614x1536.png 614w\" sizes=\"(max-width: 800px) 100vw, 800px\" \/><\/figure>\r\n","protected":false},"excerpt":{"rendered":"<p>Recupera la relaci\u00f3n del ser humano y la naturaleza, mediante la adaptaci\u00f3n y mitigaci\u00f3n de los efectos del cambio clim\u00e1tico en los medios de vida (agroforestal y productivas) de familias, organizaciones y empresas comunitarias.<\/p>\n","protected":false},"author":1,"featured_media":0,"parent":0,"menu_order":0,"comment_status":"closed","ping_status":"closed","template":"","meta":{"footnotes":""},"class_list":["post-337","page","type-page","status-publish","hentry"],"_links":{"self":[{"href":"https:\/\/asociacioncdro.org.gt\/index.php?rest_route=\/wp\/v2\/pages\/337","targetHints":{"allow":["GET"]}}],"collection":[{"href":"https:\/\/asociacioncdro.org.gt\/index.php?rest_route=\/wp\/v2\/pages"}],"about":[{"href":"https:\/\/asociacioncdro.org.gt\/index.php?rest_route=\/wp\/v2\/types\/page"}],"author":[{"embeddable":true,"href":"https:\/\/asociacioncdro.org.gt\/index.php?rest_route=\/wp\/v2\/users\/1"}],"replies":[{"embeddable":true,"href":"https:\/\/asociacioncdro.org.gt\/index.php?rest_route=%2Fwp%2Fv2%2Fcomments&post=337"}],"version-history":[{"count":6,"href":"https:\/\/asociacioncdro.org.gt\/index.php?rest_route=\/wp\/v2\/pages\/337\/revisions"}],"predecessor-version":[{"id":770,"href":"https:\/\/asociacioncdro.org.gt\/index.php?rest_route=\/wp\/v2\/pages\/337\/revisions\/770"}],"wp:attachment":[{"href":"https:\/\/asociacioncdro.org.gt\/index.php?rest_route=%2Fwp%2Fv2%2Fmedia&parent=337"}],"curies":[{"name":"wp","href":"https:\/\/api.w.org\/{rel}","templated":true}]}}

<p class="wp-block-paragraph"><span style="font-family: georgia, palatino, serif;">Recupera la relación del ser humano y la naturaleza, mediante la adaptación y mitigación de los efectos del cambio climático en los medios de vida (agroforestal y productivas) de familias, organizaciones y empresas comunitarias.</span></p>



<figure class="wp-block-image size-large"><img fetchpriority="high" decoding="async" class="aligncenter wp-image-768 size-full" src="https://asociacioncdro.org.gt/wp-content/uploads/2024/10/Infografia-Naturaleza-Medio-Ambiente-Llamativa-Verde.png" alt="" width="800" height="2000" srcset="https://asociacioncdro.org.gt/wp-content/uploads/2024/10/Infografia-Naturaleza-Medio-Ambiente-Llamativa-Verde.png 800w, https://asociacioncdro.org.gt/wp-content/uploads/2024/10/Infografia-Naturaleza-Medio-Ambiente-Llamativa-Verde-120x300.png 120w, https://asociacioncdro.org.gt/wp-content/uploads/2024/10/Infografia-Naturaleza-Medio-Ambiente-Llamativa-Verde-410x1024.png 410w, https://asociacioncdro.org.gt/wp-content/uploads/2024/10/Infografia-Naturaleza-Medio-Ambiente-Llamativa-Verde-768x1920.png 768w, https://asociacioncdro.org.gt/wp-content/uploads/2024/10/Infografia-Naturaleza-Medio-Ambiente-Llamativa-Verde-614x1536.png 614w" sizes="(max-width: 800px) 100vw, 800px" /></figure>

<p>Recupera la relación del ser humano y la naturaleza, mediante la adaptación y mitigación de los efectos del cambio climático en los medios de vida (agroforestal y productivas) de familias, organizaciones y empresas comunitarias.</p>
